{"id":261,"date":"2023-06-28T10:09:51","date_gmt":"2023-06-28T10:09:51","guid":{"rendered":"https:\/\/uusi.mathcad.fi\/?page_id=261"},"modified":"2026-03-30T16:21:06","modified_gmt":"2026-03-30T16:21:06","slug":"mathcad-opiskelijalisenssi","status":"publish","type":"page","link":"https:\/\/mathcad.fi\/?page_id=261","title":{"rendered":"Mathcad Opiskelijalisenssi"},"content":{"rendered":"\t\t<div data-elementor-type=\"wp-page\" data-elementor-id=\"261\" class=\"elementor elementor-261\">\n\t\t\t\t\t\t<section class=\"elementor-section elementor-top-section elementor-element elementor-element-d10ce34 elementor-hidden-desktop elementor-hidden-tablet elementor-section-boxed elementor-section-height-default elementor-section-height-default\" data-id=\"d10ce34\" data-element_type=\"section\">\n\t\t\t\t\t\t<div class=\"elementor-container elementor-column-gap-default\">\n\t\t\t\t\t<div class=\"elementor-column elementor-col-100 elementor-top-column elementor-element elementor-element-0c8697b\" data-id=\"0c8697b\" data-element_type=\"column\">\n\t\t\t<div class=\"elementor-widget-wrap elementor-element-populated\">\n\t\t\t\t\t\t<div class=\"elementor-element elementor-element-b0335d1 elementor-mobile-align-center elementor-widget elementor-widget-button\" data-id=\"b0335d1\" data-element_type=\"widget\" data-widget_type=\"button.default\">\n\t\t\t\t<div class=\"elementor-widget-container\">\n\t\t\t\t\t\t\t<div class=\"elementor-button-wrapper\">\n\t\t\t\t\t<a class=\"elementor-button elementor-button-link elementor-size-xl\" href=\"https:\/\/mathcad.fi\/?page_id=261\/#en\">\n\t\t\t\t\t\t<span class=\"elementor-button-content-wrapper\">\n\t\t\t\t\t\t\t\t\t<span class=\"elementor-button-text\">In English<\/span>\n\t\t\t\t\t<\/span>\n\t\t\t\t\t<\/a>\n\t\t\t\t<\/div>\n\t\t\t\t\t\t<\/div>\n\t\t\t\t<\/div>\n\t\t\t\t\t<\/div>\n\t\t<\/div>\n\t\t\t\t\t<\/div>\n\t\t<\/section>\n\t\t\t\t<section class=\"elementor-section elementor-top-section elementor-element elementor-element-9dbfdb5 elementor-section-boxed elementor-section-height-default elementor-section-height-default\" data-id=\"9dbfdb5\" data-element_type=\"section\">\n\t\t\t\t\t\t<div class=\"elementor-container elementor-column-gap-default\">\n\t\t\t\t\t<div class=\"elementor-column elementor-col-100 elementor-top-column elementor-element elementor-element-9a60bc6\" data-id=\"9a60bc6\" data-element_type=\"column\">\n\t\t\t<div class=\"elementor-widget-wrap elementor-element-populated\">\n\t\t\t\t\t\t<div class=\"elementor-element elementor-element-dc2cc43 elementor-widget elementor-widget-heading\" data-id=\"dc2cc43\" data-element_type=\"widget\" data-widget_type=\"heading.default\">\n\t\t\t\t<div class=\"elementor-widget-container\">\n\t\t\t<h1 class=\"elementor-heading-title elementor-size-default\">Mathcad opiskelijalisenssi<\/h1>\t\t<\/div>\n\t\t\t\t<\/div>\n\t\t\t\t\t<\/div>\n\t\t<\/div>\n\t\t\t\t\t<\/div>\n\t\t<\/section>\n\t\t\t\t<section class=\"elementor-section elementor-top-section elementor-element elementor-element-25ddd1a elementor-section-boxed elementor-section-height-default elementor-section-height-default\" data-id=\"25ddd1a\" data-element_type=\"section\">\n\t\t\t\t\t\t<div class=\"elementor-container elementor-column-gap-default\">\n\t\t\t\t\t<div class=\"elementor-column elementor-col-50 elementor-top-column elementor-element elementor-element-7bab7e3\" data-id=\"7bab7e3\" data-element_type=\"column\">\n\t\t\t<div class=\"elementor-widget-wrap elementor-element-populated\">\n\t\t\t\t\t\t<div class=\"elementor-element elementor-element-763b163 elementor-widget elementor-widget-heading\" data-id=\"763b163\" data-element_type=\"widget\" data-widget_type=\"heading.default\">\n\t\t\t\t<div class=\"elementor-widget-container\">\n\t\t\t<h2 class=\"elementor-heading-title elementor-size-default\">Opiskelijalisenssin tilaaminen<\/h2>\t\t<\/div>\n\t\t\t\t<\/div>\n\t\t\t\t<div class=\"elementor-element elementor-element-954d030 elementor-widget elementor-widget-text-editor\" data-id=\"954d030\" data-element_type=\"widget\" data-widget_type=\"text-editor.default\">\n\t\t\t\t<div class=\"elementor-widget-container\">\n\t\t\t\t\t\t\t<p><a href=\"https:\/\/app.paylink.fi\/checkout\/product\/c2242368fabf182521\" target=\"_blank\" rel=\"noopener\">Avaa tilauslomake<\/a>, t\u00e4yt\u00e4 tiedot ja maksa lisenssin aktivointikoodi.<\/p><p>\u00a0<\/p><p>Aktivointikoodi saapuu antamaasi s\u00e4hk\u00f6postiin. Jos koodia ei tullut tarkista roskapostikansio, jos lisenssi\u00e4 ei siltik\u00e4\u00e4n l\u00f6ydy ota yhteytt\u00e4: mathcad@zenex.fi<\/p><p>\u00a0<\/p><p>Avaa Mathcad Prime ja seuraa ohjetta:<\/p><p style=\"padding-left: 40px;\"><a href=\"https:\/\/mathcad.fi\/wp-content\/uploads\/2024\/09\/opiskelijalisenssinohje.pdf\">Lisenssin k\u00e4ytt\u00f6\u00f6notto aktivointikoodilla<\/a><\/p><p>\u00a0<\/p><p>Yhteydenotot:<br \/>mathcad@zenex.fi<\/p>\t\t\t\t\t\t<\/div>\n\t\t\t\t<\/div>\n\t\t\t\t\t<\/div>\n\t\t<\/div>\n\t\t\t\t<div class=\"elementor-column elementor-col-50 elementor-top-column elementor-element elementor-element-d0d9312\" data-id=\"d0d9312\" data-element_type=\"column\" id=\"en\">\n\t\t\t<div class=\"elementor-widget-wrap elementor-element-populated\">\n\t\t\t\t\t\t<div class=\"elementor-element elementor-element-27ed717 elementor-widget elementor-widget-heading\" data-id=\"27ed717\" data-element_type=\"widget\" data-widget_type=\"heading.default\">\n\t\t\t\t<div class=\"elementor-widget-container\">\n\t\t\t<h2 class=\"elementor-heading-title elementor-size-default\">Ordering a student license<\/h2>\t\t<\/div>\n\t\t\t\t<\/div>\n\t\t\t\t<div class=\"elementor-element elementor-element-c0f0a10 elementor-widget elementor-widget-text-editor\" data-id=\"c0f0a10\" data-element_type=\"widget\" data-widget_type=\"text-editor.default\">\n\t\t\t\t<div class=\"elementor-widget-container\">\n\t\t\t\t\t\t\t<p><a href=\"https:\/\/app.paylink.fi\/checkout\/product\/c2242368fabf182521?lang=en\" target=\"_blank\" rel=\"noopener\">Open an order form<\/a>, fill in the information and pay for a license activation code.<\/p><p>\u00a0<\/p><p>Activation code will arrive via email address you&#8217;ve given. If not, check your trashmail or contact us: mathcad@zenex.fi<\/p><p>\u00a0<\/p><p>Open Mathcad Prime and follow the instructions:<\/p><p style=\"padding-left: 40px;\"><a href=\"https:\/\/mathcad.fi\/wp-content\/uploads\/2025\/01\/student-license-instruction.pdf\">Activating your license with activation code<\/a><\/p><p>\u00a0<\/p><p>Contact info:<\/p><p>mathcad@zenex.fi<\/p>\t\t\t\t\t\t<\/div>\n\t\t\t\t<\/div>\n\t\t\t\t\t<\/div>\n\t\t<\/div>\n\t\t\t\t\t<\/div>\n\t\t<\/section>\n\t\t\t\t<\/div>\n\t\t","protected":false},"excerpt":{"rendered":"<p>In English Mathcad opiskelijalisenssi Opiskelijalisenssin tilaaminen Avaa tilauslomake, t\u00e4yt\u00e4 tiedot ja maksa lisenssin aktivointikoodi. \u00a0 Aktivointikoodi saapuu antamaasi s\u00e4hk\u00f6postiin. Jos koodia ei tullut tarkista roskapostikansio, jos lisenssi\u00e4 ei siltik\u00e4\u00e4n l\u00f6ydy ota yhteytt\u00e4: mathcad@zenex.fi \u00a0 Avaa Mathcad Prime ja seuraa ohjetta: Lisenssin k\u00e4ytt\u00f6\u00f6notto aktivointikoodilla \u00a0 Yhteydenotot:mathcad@zenex.fi Ordering a student license Open an order form, fill in&hellip; <a class=\"more-link\" href=\"https:\/\/mathcad.fi\/?page_id=261\">Continue reading <span class=\"screen-reader-text\">Mathcad Opiskelijalisenssi<\/span><\/a><\/p>\n","protected":false},"author":1,"featured_media":0,"parent":0,"menu_order":0,"comment_status":"closed","ping_status":"closed","template":"elementor_header_footer","meta":{"footnotes":""},"class_list":["post-261","page","type-page","status-publish","hentry","entry"],"yoast_head":"<!-- This site is optimized with the Yoast SEO plugin v23.8 - https:\/\/yoast.com\/wordpress\/plugins\/seo\/ -->\n<title>Mathcad opiskelijalisenssi<\/title>\n<meta name=\"description\" content=\"Mathcad opiskelijalisenssin tilaus \/ Mathcad Student License order \/ Mathcad studentlicensbest\u00e4llning\" \/>\n<meta name=\"robots\" content=\"index, follow, max-snippet:-1, max-image-preview:large, max-video-preview:-1\" \/>\n<link rel=\"canonical\" href=\"https:\/\/mathcad.fi\/?page_id=261\" \/>\n<meta property=\"og:locale\" content=\"en_US\" \/>\n<meta property=\"og:type\" content=\"article\" \/>\n<meta property=\"og:title\" content=\"Mathcad opiskelijalisenssi\" \/>\n<meta property=\"og:description\" content=\"Mathcad opiskelijalisenssin tilaus \/ Mathcad Student License order \/ Mathcad studentlicensbest\u00e4llning\" \/>\n<meta property=\"og:url\" content=\"https:\/\/mathcad.fi\/?page_id=261\" \/>\n<meta property=\"og:site_name\" content=\"Mathcad\" \/>\n<meta property=\"article:modified_time\" content=\"2026-03-30T16:21:06+00:00\" \/>\n<meta name=\"twitter:card\" content=\"summary_large_image\" \/>\n<meta name=\"twitter:label1\" content=\"Est. reading time\" \/>\n\t<meta name=\"twitter:data1\" content=\"1 minute\" \/>\n<script type=\"application\/ld+json\" class=\"yoast-schema-graph\">{\"@context\":\"https:\/\/schema.org\",\"@graph\":[{\"@type\":\"WebPage\",\"@id\":\"https:\/\/mathcad.fi\/?page_id=261\",\"url\":\"https:\/\/mathcad.fi\/?page_id=261\",\"name\":\"Mathcad opiskelijalisenssi\",\"isPartOf\":{\"@id\":\"https:\/\/mathcad.fi\/#website\"},\"datePublished\":\"2023-06-28T10:09:51+00:00\",\"dateModified\":\"2026-03-30T16:21:06+00:00\",\"description\":\"Mathcad opiskelijalisenssin tilaus \/ Mathcad Student License order \/ Mathcad studentlicensbest\u00e4llning\",\"breadcrumb\":{\"@id\":\"https:\/\/mathcad.fi\/?page_id=261#breadcrumb\"},\"inLanguage\":\"en-US\",\"potentialAction\":[{\"@type\":\"ReadAction\",\"target\":[\"https:\/\/mathcad.fi\/?page_id=261\"]}]},{\"@type\":\"BreadcrumbList\",\"@id\":\"https:\/\/mathcad.fi\/?page_id=261#breadcrumb\",\"itemListElement\":[{\"@type\":\"ListItem\",\"position\":1,\"name\":\"Home\",\"item\":\"https:\/\/mathcad.fi\/\"},{\"@type\":\"ListItem\",\"position\":2,\"name\":\"Mathcad Opiskelijalisenssi\"}]},{\"@type\":\"WebSite\",\"@id\":\"https:\/\/mathcad.fi\/#website\",\"url\":\"https:\/\/mathcad.fi\/\",\"name\":\"Mathcad\",\"description\":\"Teknisen laskennan ohjelmisto\",\"potentialAction\":[{\"@type\":\"SearchAction\",\"target\":{\"@type\":\"EntryPoint\",\"urlTemplate\":\"https:\/\/mathcad.fi\/?s={search_term_string}\"},\"query-input\":{\"@type\":\"PropertyValueSpecification\",\"valueRequired\":true,\"valueName\":\"search_term_string\"}}],\"inLanguage\":\"en-US\"}]}<\/script>\n<!-- \/ Yoast SEO plugin. -->","yoast_head_json":{"title":"Mathcad opiskelijalisenssi","description":"Mathcad opiskelijalisenssin tilaus \/ Mathcad Student License order \/ Mathcad studentlicensbest\u00e4llning","robots":{"index":"index","follow":"follow","max-snippet":"max-snippet:-1","max-image-preview":"max-image-preview:large","max-video-preview":"max-video-preview:-1"},"canonical":"https:\/\/mathcad.fi\/?page_id=261","og_locale":"en_US","og_type":"article","og_title":"Mathcad opiskelijalisenssi","og_description":"Mathcad opiskelijalisenssin tilaus \/ Mathcad Student License order \/ Mathcad studentlicensbest\u00e4llning","og_url":"https:\/\/mathcad.fi\/?page_id=261","og_site_name":"Mathcad","article_modified_time":"2026-03-30T16:21:06+00:00","twitter_card":"summary_large_image","twitter_misc":{"Est. reading time":"1 minute"},"schema":{"@context":"https:\/\/schema.org","@graph":[{"@type":"WebPage","@id":"https:\/\/mathcad.fi\/?page_id=261","url":"https:\/\/mathcad.fi\/?page_id=261","name":"Mathcad opiskelijalisenssi","isPartOf":{"@id":"https:\/\/mathcad.fi\/#website"},"datePublished":"2023-06-28T10:09:51+00:00","dateModified":"2026-03-30T16:21:06+00:00","description":"Mathcad opiskelijalisenssin tilaus \/ Mathcad Student License order \/ Mathcad studentlicensbest\u00e4llning","breadcrumb":{"@id":"https:\/\/mathcad.fi\/?page_id=261#breadcrumb"},"inLanguage":"en-US","potentialAction":[{"@type":"ReadAction","target":["https:\/\/mathcad.fi\/?page_id=261"]}]},{"@type":"BreadcrumbList","@id":"https:\/\/mathcad.fi\/?page_id=261#breadcrumb","itemListElement":[{"@type":"ListItem","position":1,"name":"Home","item":"https:\/\/mathcad.fi\/"},{"@type":"ListItem","position":2,"name":"Mathcad Opiskelijalisenssi"}]},{"@type":"WebSite","@id":"https:\/\/mathcad.fi\/#website","url":"https:\/\/mathcad.fi\/","name":"Mathcad","description":"Teknisen laskennan ohjelmisto","potentialAction":[{"@type":"SearchAction","target":{"@type":"EntryPoint","urlTemplate":"https:\/\/mathcad.fi\/?s={search_term_string}"},"query-input":{"@type":"PropertyValueSpecification","valueRequired":true,"valueName":"search_term_string"}}],"inLanguage":"en-US"}]}},"_links":{"self":[{"href":"https:\/\/mathcad.fi\/index.php?rest_route=\/wp\/v2\/pages\/261","targetHints":{"allow":["GET"]}}],"collection":[{"href":"https:\/\/mathcad.fi\/index.php?rest_route=\/wp\/v2\/pages"}],"about":[{"href":"https:\/\/mathcad.fi\/index.php?rest_route=\/wp\/v2\/types\/page"}],"author":[{"embeddable":true,"href":"https:\/\/mathcad.fi\/index.php?rest_route=\/wp\/v2\/users\/1"}],"replies":[{"embeddable":true,"href":"https:\/\/mathcad.fi\/index.php?rest_route=%2Fwp%2Fv2%2Fcomments&post=261"}],"version-history":[{"count":143,"href":"https:\/\/mathcad.fi\/index.php?rest_route=\/wp\/v2\/pages\/261\/revisions"}],"predecessor-version":[{"id":925,"href":"https:\/\/mathcad.fi\/index.php?rest_route=\/wp\/v2\/pages\/261\/revisions\/925"}],"wp:attachment":[{"href":"https:\/\/mathcad.fi\/index.php?rest_route=%2Fwp%2Fv2%2Fmedia&parent=261"}],"curies":[{"name":"wp","href":"https:\/\/api.w.org\/{rel}","templated":true}]}}